{"id":2676,"date":"2026-04-29T10:00:00","date_gmt":"2026-04-29T10:00:00","guid":{"rendered":"https:\/\/argoatessences.fr\/?page_id=2676"},"modified":"2026-04-29T13:30:18","modified_gmt":"2026-04-29T13:30:18","slug":"aromatherapie-energetique-equilibre-emotionnel","status":"publish","type":"page","link":"https:\/\/argoatessences.fr\/index.php\/aromatherapie-energetique-equilibre-emotionnel\/","title":{"rendered":"\u2728 Aromath\u00e9rapie \u00e9nerg\u00e9tique"},"content":{"rendered":"\t\t<div data-elementor-type=\"wp-page\" data-elementor-id=\"2676\" class=\"elementor elementor-2676\">\n\t\t\t\t<div class=\"elementor-element elementor-element-b3d2bf1 e-flex e-con-boxed e-con e-parent\" data-id=\"b3d2bf1\" data-element_type=\"container\" data-e-type=\"container\">\n\t\t\t\t\t<div class=\"e-con-inner\">\n\t\t\t\t<div class=\"elementor-element elementor-element-aa70914 elementor-widget elementor-widget-spacer\" data-id=\"aa70914\" data-element_type=\"widget\" data-e-type=\"widget\" data-widget_type=\"spacer.default\">\n\t\t\t\t\t\t\t<div class=\"elementor-spacer\">\n\t\t\t<div class=\"elementor-spacer-inner\"><\/div>\n\t\t<\/div>\n\t\t\t\t\t\t<\/div>\n\t\t\t\t<div class=\"elementor-element elementor-element-6373754 elementor-widget elementor-widget-heading\" data-id=\"6373754\" data-element_type=\"widget\" data-e-type=\"widget\" data-widget_type=\"heading.default\">\n\t\t\t\t\t<h2 class=\"elementor-heading-title elementor-size-default\">Retrouver l\u2019\u00e9quilibre \u00e9motionnel gr\u00e2ce \u00e0 l\u2019aromath\u00e9rapie \u00e9nerg\u00e9tique<\/h2>\t\t\t\t<\/div>\n\t\t\t\t<div class=\"elementor-element elementor-element-957147a elementor-widget elementor-widget-spacer\" data-id=\"957147a\" data-element_type=\"widget\" data-e-type=\"widget\" data-widget_type=\"spacer.default\">\n\t\t\t\t\t\t\t<div class=\"elementor-spacer\">\n\t\t\t<div class=\"elementor-spacer-inner\"><\/div>\n\t\t<\/div>\n\t\t\t\t\t\t<\/div>\n\t\t\t\t<div class=\"elementor-element elementor-element-ac854db elementor-widget elementor-widget-text-editor\" data-id=\"ac854db\" data-element_type=\"widget\" data-e-type=\"widget\" data-widget_type=\"text-editor.default\">\n\t\t\t\t\t\t\t\t\t<h3 data-path-to-node=\"7\">L&rsquo;Harmonie du Corps et de l&rsquo;Esprit selon la Tradition Mill\u00e9naire<\/h3>\n<p data-path-to-node=\"8\">La M\u00e9decine Traditionnelle Chinoise (MTC) nous enseigne que la sant\u00e9 est un <b data-path-to-node=\"8\" data-index-in-node=\"76\">\u00e9quilibre subtil<\/b> entre les \u00e9nergies du corps, de l\u2019esprit et de notre environnement. Ici, vos \u00e9motions ne sont pas de simples ressentis : elles sont des expressions vibrantes qui influencent directement votre <b data-path-to-node=\"8\" data-index-in-node=\"285\">Qi (\u00e9nergie vitale)<\/b> et la sant\u00e9 de vos organes.<\/p>\n<blockquote data-path-to-node=\"9\">\n<p data-path-to-node=\"9,0\"><i data-path-to-node=\"9,0\" data-index-in-node=\"0\">Lorsqu\u2019une \u00e9motion devient envahissante, elle rompt cette harmonie int\u00e9rieure, cr\u00e9ant des blocages physiques ou mentaux.<\/i><\/p>\n<\/blockquote>\n<p>.<\/p>\t\t\t\t\t\t\t\t<\/div>\n\t\t\t\t<div class=\"elementor-element elementor-element-8330243 elementor-widget elementor-widget-image\" data-id=\"8330243\" data-element_type=\"widget\" data-e-type=\"widget\" data-widget_type=\"image.default\">\n\t\t\t\t\t\t\t\t\t\t\t\t\t\t\t<img fetchpriority=\"high\" decoding=\"async\" width=\"768\" height=\"1152\" src=\"https:\/\/argoatessences.fr\/wp-content\/uploads\/2026\/02\/Instant-de-Meditation-Olfactive-768x1152.png\" class=\"attachment-medium_large size-medium_large wp-image-2039\" alt=\"Respirer une huile essentielle, c\u2019est bien plus qu\u2019un geste. C\u2019est un moment o\u00f9 le corps, l\u2019esprit et l\u2019\u00e9nergie se rencontrent. Chaque plante porte une signature unique qui agit sur le corps et l\u2019\u00e9motion, r\u00e9v\u00e9lant la puissance de l\u2019aromath\u00e9rapie.\" srcset=\"https:\/\/argoatessences.fr\/wp-content\/uploads\/2026\/02\/Instant-de-Meditation-Olfactive-768x1152.png 768w, https:\/\/argoatessences.fr\/wp-content\/uploads\/2026\/02\/Instant-de-Meditation-Olfactive-200x300.png 200w, https:\/\/argoatessences.fr\/wp-content\/uploads\/2026\/02\/Instant-de-Meditation-Olfactive-683x1024.png 683w, https:\/\/argoatessences.fr\/wp-content\/uploads\/2026\/02\/Instant-de-Meditation-Olfactive.png 1024w\" sizes=\"(max-width: 768px) 100vw, 768px\" \/>\t\t\t\t\t\t\t\t\t\t\t\t\t\t\t<\/div>\n\t\t\t\t<div class=\"elementor-element elementor-element-fe010c9 elementor-widget elementor-widget-heading\" data-id=\"fe010c9\" data-element_type=\"widget\" data-e-type=\"widget\" data-widget_type=\"heading.default\">\n\t\t\t\t\t<h3 class=\"elementor-heading-title elementor-size-default\">Le Pouvoir Vibratoire des Huiles Essentielles<\/h3>\t\t\t\t<\/div>\n\t\t\t\t<div class=\"elementor-element elementor-element-3dd43d9 elementor-widget elementor-widget-text-editor\" data-id=\"3dd43d9\" data-element_type=\"widget\" data-e-type=\"widget\" data-widget_type=\"text-editor.default\">\n\t\t\t\t\t\t\t\t\t<p data-path-to-node=\"11\">Dans cette qu\u00eate de s\u00e9r\u00e9nit\u00e9, l\u2019aromath\u00e9rapie devient un pont pr\u00e9cieux entre la nature et votre int\u00e9riorit\u00e9. Bien plus que de simples extraits de plantes, les huiles essentielles agissent comme des <b data-path-to-node=\"11\" data-index-in-node=\"198\">cl\u00e9s \u00e9nerg\u00e9tiques<\/b> capables de :<\/p>\n<ul data-path-to-node=\"12\">\n<li>\n<p data-path-to-node=\"12,0,0\"><b data-path-to-node=\"12,0,0\" data-index-in-node=\"0\">Agir instantan\u00e9ment<\/b> via la voie olfactive et cutan\u00e9e.<\/p>\n<\/li>\n<li>\n<p data-path-to-node=\"12,1,0\"><b data-path-to-node=\"12,1,0\" data-index-in-node=\"0\">Entrer en r\u00e9sonance<\/b> avec vos m\u00e9ridiens et vos centres \u00e9nerg\u00e9tiques.<\/p>\n<\/li>\n<li>\n<p data-path-to-node=\"12,2,0\"><b data-path-to-node=\"12,2,0\" data-index-in-node=\"0\">R\u00e9\u00e9quilibrer les Cinq \u00c9l\u00e9ments<\/b> (Bois, Feu, Terre, M\u00e9tal, Eau) qui r\u00e9gissent votre vitalit\u00e9.<\/p>\n<\/li>\n<\/ul>\t\t\t\t\t\t\t\t<\/div>\n\t\t\t\t<div class=\"elementor-element elementor-element-1be33e8 elementor-widget elementor-widget-heading\" data-id=\"1be33e8\" data-element_type=\"widget\" data-e-type=\"widget\" data-widget_type=\"heading.default\">\n\t\t\t\t\t<h3 class=\"elementor-heading-title elementor-size-default\">Explorez la voie de la gu\u00e9rison par les sens<\/h3>\t\t\t\t<\/div>\n\t\t\t\t<div class=\"elementor-element elementor-element-a1e2106 elementor-widget elementor-widget-text-editor\" data-id=\"a1e2106\" data-element_type=\"widget\" data-e-type=\"widget\" data-widget_type=\"text-editor.default\">\n\t\t\t\t\t\t\t\t\t<p>Le chemin vers l&rsquo;\u00e9quilibre commence par la compr\u00e9hension. J&rsquo;ai con\u00e7u pour vous une s\u00e9rie de ressources pour approfondir le lien entre vos \u00e9motions et les essences v\u00e9g\u00e9tales.<\/p>\t\t\t\t\t\t\t\t<\/div>\n\t\t\t\t\t<\/div>\n\t\t\t\t<\/div>\n\t\t\t\t<\/div>\n\t\t","protected":false},"excerpt":{"rendered":"<p>Retrouver l\u2019\u00e9quilibre \u00e9motionnel gr\u00e2ce \u00e0 l\u2019aromath\u00e9rapie \u00e9nerg\u00e9tique L&rsquo;Harmonie du Corps et de l&rsquo;Esprit selon la Tradition Mill\u00e9naire La M\u00e9decine Traditionnelle Chinoise (MTC) nous enseigne que la sant\u00e9 est un \u00e9quilibre subtil entre les \u00e9nergies du corps, de l\u2019esprit et de notre environnement. Ici, vos \u00e9motions ne sont pas de simples ressentis : elles sont des [&hellip;]<\/p>\n","protected":false},"author":1,"featured_media":2686,"parent":0,"menu_order":0,"comment_status":"closed","ping_status":"closed","template":"","meta":{"site-sidebar-layout":"no-sidebar","site-content-layout":"","ast-site-content-layout":"full-width-container","site-content-style":"default","site-sidebar-style":"default","ast-global-header-display":"","ast-banner-title-visibility":"","ast-main-header-display":"","ast-hfb-above-header-display":"","ast-hfb-below-header-display":"","ast-hfb-mobile-header-display":"","site-post-title":"","ast-breadcrumbs-content":"","ast-featured-img":"disabled","footer-sml-layout":"","ast-disable-related-posts":"","theme-transparent-header-meta":"","adv-header-id-meta":"","stick-header-meta":"","header-above-stick-meta":"","header-main-stick-meta":"","header-below-stick-meta":"","astra-migrate-meta-layouts":"default","ast-page-background-enabled":"default","ast-page-background-meta":{"desktop":{"background-color":"var(--ast-global-color-5)","background-image":"","background-repeat":"repeat","background-position":"center center","background-size":"auto","background-attachment":"scroll","background-type":"","background-media":"","overlay-type":"","overlay-color":"","overlay-opacity":"","overlay-gradient":""},"tablet":{"background-color":"","background-image":"","background-repeat":"repeat","background-position":"center center","background-size":"auto","background-attachment":"scroll","background-type":"","background-media":"","overlay-type":"","overlay-color":"","overlay-opacity":"","overlay-gradient":""},"mobile":{"background-color":"","background-image":"","background-repeat":"repeat","background-position":"center center","background-size":"auto","background-attachment":"scroll","background-type":"","background-media":"","overlay-type":"","overlay-color":"","overlay-opacity":"","overlay-gradient":""}},"ast-content-background-meta":{"desktop":{"background-color":"var(--ast-global-color-4)","background-image":"","background-repeat":"repeat","background-position":"center center","background-size":"auto","background-attachment":"scroll","background-type":"","background-media":"","overlay-type":"","overlay-color":"","overlay-opacity":"","overlay-gradient":""},"tablet":{"background-color":"var(--ast-global-color-4)","background-image":"","background-repeat":"repeat","background-position":"center center","background-size":"auto","background-attachment":"scroll","background-type":"","background-media":"","overlay-type":"","overlay-color":"","overlay-opacity":"","overlay-gradient":""},"mobile":{"background-color":"var(--ast-global-color-4)","background-image":"","background-repeat":"repeat","background-position":"center center","background-size":"auto","background-attachment":"scroll","background-type":"","background-media":"","overlay-type":"","overlay-color":"","overlay-opacity":"","overlay-gradient":""}},"footnotes":""},"class_list":["post-2676","page","type-page","status-publish","has-post-thumbnail","hentry"],"yoast_head":"<!-- This site is optimized with the Yoast SEO plugin v27.0 - https:\/\/yoast.com\/product\/yoast-seo-wordpress\/ -->\n<title>\u2728 Aromath\u00e9rapie \u00e9nerg\u00e9tique - Argoat &amp; Essences<\/title>\n<meta name=\"description\" content=\"L&#039;aromath\u00e9rapie \u00e9nerg\u00e9tique ne se contente pas de soigner le corps physique ; elle utilise la vibration et l&#039;\u00e2me des plantes pour harmoniser nos centres d&#039;\u00e9nergie (chakras) et r\u00e9\u00e9quilibrer nos \u00e9motions.C&#039;est une approche holistique qui lie l&#039;odorat \u00e0 notre inconscient pour favoriser le bien-\u00eatre global.\" \/>\n<meta name=\"robots\" content=\"index, follow, max-snippet:-1, max-image-preview:large, max-video-preview:-1\" \/>\n<link rel=\"canonical\" href=\"https:\/\/argoatessences.fr\/index.php\/aromatherapie-energetique-equilibre-emotionnel\/\" \/>\n<meta property=\"og:locale\" content=\"fr_FR\" \/>\n<meta property=\"og:type\" content=\"article\" \/>\n<meta property=\"og:title\" content=\"\u2728 Aromath\u00e9rapie \u00e9nerg\u00e9tique - Argoat &amp; Essences\" \/>\n<meta property=\"og:description\" content=\"L&#039;aromath\u00e9rapie \u00e9nerg\u00e9tique ne se contente pas de soigner le corps physique ; elle utilise la vibration et l&#039;\u00e2me des plantes pour harmoniser nos centres d&#039;\u00e9nergie (chakras) et r\u00e9\u00e9quilibrer nos \u00e9motions.C&#039;est une approche holistique qui lie l&#039;odorat \u00e0 notre inconscient pour favoriser le bien-\u00eatre global.\" \/>\n<meta property=\"og:url\" content=\"https:\/\/argoatessences.fr\/index.php\/aromatherapie-energetique-equilibre-emotionnel\/\" \/>\n<meta property=\"og:site_name\" content=\"Argoat &amp; Essences\" \/>\n<meta property=\"article:publisher\" content=\"https:\/\/www.facebook.com\/Aromatherapie\" \/>\n<meta property=\"article:modified_time\" content=\"2026-04-29T13:30:18+00:00\" \/>\n<meta property=\"og:image\" content=\"https:\/\/argoatessences.fr\/wp-content\/uploads\/2026\/04\/Harmonie-des-Sens-LEveil-de-lAromatherapie-Energetique-1024x559.png\" \/>\n\t<meta property=\"og:image:width\" content=\"1024\" \/>\n\t<meta property=\"og:image:height\" content=\"559\" \/>\n\t<meta property=\"og:image:type\" content=\"image\/png\" \/>\n<meta name=\"twitter:card\" content=\"summary_large_image\" \/>\n<meta name=\"twitter:label1\" content=\"Dur\u00e9e de lecture estim\u00e9e\" \/>\n\t<meta name=\"twitter:data1\" content=\"2 minutes\" \/>\n<script type=\"application\/ld+json\" class=\"yoast-schema-graph\">{\"@context\":\"https:\/\/schema.org\",\"@graph\":[{\"@type\":\"WebPage\",\"@id\":\"https:\/\/argoatessences.fr\/index.php\/aromatherapie-energetique-equilibre-emotionnel\/\",\"url\":\"https:\/\/argoatessences.fr\/index.php\/aromatherapie-energetique-equilibre-emotionnel\/\",\"name\":\"\u2728 Aromath\u00e9rapie \u00e9nerg\u00e9tique - Argoat &amp; Essences\",\"isPartOf\":{\"@id\":\"https:\/\/argoatessences.fr\/#website\"},\"primaryImageOfPage\":{\"@id\":\"https:\/\/argoatessences.fr\/index.php\/aromatherapie-energetique-equilibre-emotionnel\/#primaryimage\"},\"image\":{\"@id\":\"https:\/\/argoatessences.fr\/index.php\/aromatherapie-energetique-equilibre-emotionnel\/#primaryimage\"},\"thumbnailUrl\":\"https:\/\/argoatessences.fr\/wp-content\/uploads\/2026\/04\/Harmonie-des-Sens-LEveil-de-lAromatherapie-Energetique.png\",\"datePublished\":\"2026-04-29T10:00:00+00:00\",\"dateModified\":\"2026-04-29T13:30:18+00:00\",\"description\":\"L'aromath\u00e9rapie \u00e9nerg\u00e9tique ne se contente pas de soigner le corps physique ; elle utilise la vibration et l'\u00e2me des plantes pour harmoniser nos centres d'\u00e9nergie (chakras) et r\u00e9\u00e9quilibrer nos \u00e9motions.C'est une approche holistique qui lie l'odorat \u00e0 notre inconscient pour favoriser le bien-\u00eatre global.\",\"breadcrumb\":{\"@id\":\"https:\/\/argoatessences.fr\/index.php\/aromatherapie-energetique-equilibre-emotionnel\/#breadcrumb\"},\"inLanguage\":\"fr-FR\",\"potentialAction\":[{\"@type\":\"ReadAction\",\"target\":[\"https:\/\/argoatessences.fr\/index.php\/aromatherapie-energetique-equilibre-emotionnel\/\"]}]},{\"@type\":\"ImageObject\",\"inLanguage\":\"fr-FR\",\"@id\":\"https:\/\/argoatessences.fr\/index.php\/aromatherapie-energetique-equilibre-emotionnel\/#primaryimage\",\"url\":\"https:\/\/argoatessences.fr\/wp-content\/uploads\/2026\/04\/Harmonie-des-Sens-LEveil-de-lAromatherapie-Energetique.png\",\"contentUrl\":\"https:\/\/argoatessences.fr\/wp-content\/uploads\/2026\/04\/Harmonie-des-Sens-LEveil-de-lAromatherapie-Energetique.png\",\"width\":1408,\"height\":768,\"caption\":\"L'union sacr\u00e9e entre l'\u00e2me des plantes et l'\u00e9quilibre des centres \u00e9nerg\u00e9tiques pour une harmonie profonde du corps et de l'esprit.\"},{\"@type\":\"BreadcrumbList\",\"@id\":\"https:\/\/argoatessences.fr\/index.php\/aromatherapie-energetique-equilibre-emotionnel\/#breadcrumb\",\"itemListElement\":[{\"@type\":\"ListItem\",\"position\":1,\"name\":\"Accueil\",\"item\":\"https:\/\/argoatessences.fr\/\"},{\"@type\":\"ListItem\",\"position\":2,\"name\":\"\u2728 Aromath\u00e9rapie \u00e9nerg\u00e9tique\"}]},{\"@type\":\"WebSite\",\"@id\":\"https:\/\/argoatessences.fr\/#website\",\"url\":\"https:\/\/argoatessences.fr\/\",\"name\":\"Argoat & Esssences\",\"description\":\"Gardienne des senteurs\",\"publisher\":{\"@id\":\"https:\/\/argoatessences.fr\/#\/schema\/person\/a5d18219a09925fedd6312290dc9dc6c\"},\"potentialAction\":[{\"@type\":\"SearchAction\",\"target\":{\"@type\":\"EntryPoint\",\"urlTemplate\":\"https:\/\/argoatessences.fr\/?s={search_term_string}\"},\"query-input\":{\"@type\":\"PropertyValueSpecification\",\"valueRequired\":true,\"valueName\":\"search_term_string\"}}],\"inLanguage\":\"fr-FR\"},{\"@type\":[\"Person\",\"Organization\"],\"@id\":\"https:\/\/argoatessences.fr\/#\/schema\/person\/a5d18219a09925fedd6312290dc9dc6c\",\"name\":\"Joelle Vienne\",\"image\":{\"@type\":\"ImageObject\",\"inLanguage\":\"fr-FR\",\"@id\":\"https:\/\/argoatessences.fr\/#\/schema\/person\/image\/\",\"url\":\"https:\/\/argoatessences.fr\/wp-content\/uploads\/2026\/01\/cropped-cropped-logo-joelle.png\",\"contentUrl\":\"https:\/\/argoatessences.fr\/wp-content\/uploads\/2026\/01\/cropped-cropped-logo-joelle.png\",\"width\":464,\"height\":386,\"caption\":\"Joelle Vienne\"},\"logo\":{\"@id\":\"https:\/\/argoatessences.fr\/#\/schema\/person\/image\/\"},\"description\":\"Un espace o\u00f9 la nature murmure et o\u00f9 chaque huile essentielle r\u00e9v\u00e8le son \u00e2me. Entre fragrance et vibration, je t\u2019invite \u00e0 cheminer au rythme du v\u00e9g\u00e9tal, \u00e0 la rencontre de l\u2019\u00e9nergie subtile des plantes et de leurs messages int\u00e9rieurs.\",\"sameAs\":[\"http:\/\/argoatessences.fr\",\"https:\/\/www.facebook.com\/Aromatherapie\",\"https:\/\/www.instagram.com\/joelle_vienne\/\"]}]}<\/script>\n<!-- \/ Yoast SEO plugin. -->","yoast_head_json":{"title":"\u2728 Aromath\u00e9rapie \u00e9nerg\u00e9tique - Argoat &amp; Essences","description":"L'aromath\u00e9rapie \u00e9nerg\u00e9tique ne se contente pas de soigner le corps physique ; elle utilise la vibration et l'\u00e2me des plantes pour harmoniser nos centres d'\u00e9nergie (chakras) et r\u00e9\u00e9quilibrer nos \u00e9motions.C'est une approche holistique qui lie l'odorat \u00e0 notre inconscient pour favoriser le bien-\u00eatre global.","robots":{"index":"index","follow":"follow","max-snippet":"max-snippet:-1","max-image-preview":"max-image-preview:large","max-video-preview":"max-video-preview:-1"},"canonical":"https:\/\/argoatessences.fr\/index.php\/aromatherapie-energetique-equilibre-emotionnel\/","og_locale":"fr_FR","og_type":"article","og_title":"\u2728 Aromath\u00e9rapie \u00e9nerg\u00e9tique - Argoat &amp; Essences","og_description":"L'aromath\u00e9rapie \u00e9nerg\u00e9tique ne se contente pas de soigner le corps physique ; elle utilise la vibration et l'\u00e2me des plantes pour harmoniser nos centres d'\u00e9nergie (chakras) et r\u00e9\u00e9quilibrer nos \u00e9motions.C'est une approche holistique qui lie l'odorat \u00e0 notre inconscient pour favoriser le bien-\u00eatre global.","og_url":"https:\/\/argoatessences.fr\/index.php\/aromatherapie-energetique-equilibre-emotionnel\/","og_site_name":"Argoat &amp; Essences","article_publisher":"https:\/\/www.facebook.com\/Aromatherapie","article_modified_time":"2026-04-29T13:30:18+00:00","og_image":[{"width":1024,"height":559,"url":"https:\/\/argoatessences.fr\/wp-content\/uploads\/2026\/04\/Harmonie-des-Sens-LEveil-de-lAromatherapie-Energetique-1024x559.png","type":"image\/png"}],"twitter_card":"summary_large_image","twitter_misc":{"Dur\u00e9e de lecture estim\u00e9e":"2 minutes"},"schema":{"@context":"https:\/\/schema.org","@graph":[{"@type":"WebPage","@id":"https:\/\/argoatessences.fr\/index.php\/aromatherapie-energetique-equilibre-emotionnel\/","url":"https:\/\/argoatessences.fr\/index.php\/aromatherapie-energetique-equilibre-emotionnel\/","name":"\u2728 Aromath\u00e9rapie \u00e9nerg\u00e9tique - Argoat &amp; Essences","isPartOf":{"@id":"https:\/\/argoatessences.fr\/#website"},"primaryImageOfPage":{"@id":"https:\/\/argoatessences.fr\/index.php\/aromatherapie-energetique-equilibre-emotionnel\/#primaryimage"},"image":{"@id":"https:\/\/argoatessences.fr\/index.php\/aromatherapie-energetique-equilibre-emotionnel\/#primaryimage"},"thumbnailUrl":"https:\/\/argoatessences.fr\/wp-content\/uploads\/2026\/04\/Harmonie-des-Sens-LEveil-de-lAromatherapie-Energetique.png","datePublished":"2026-04-29T10:00:00+00:00","dateModified":"2026-04-29T13:30:18+00:00","description":"L'aromath\u00e9rapie \u00e9nerg\u00e9tique ne se contente pas de soigner le corps physique ; elle utilise la vibration et l'\u00e2me des plantes pour harmoniser nos centres d'\u00e9nergie (chakras) et r\u00e9\u00e9quilibrer nos \u00e9motions.C'est une approche holistique qui lie l'odorat \u00e0 notre inconscient pour favoriser le bien-\u00eatre global.","breadcrumb":{"@id":"https:\/\/argoatessences.fr\/index.php\/aromatherapie-energetique-equilibre-emotionnel\/#breadcrumb"},"inLanguage":"fr-FR","potentialAction":[{"@type":"ReadAction","target":["https:\/\/argoatessences.fr\/index.php\/aromatherapie-energetique-equilibre-emotionnel\/"]}]},{"@type":"ImageObject","inLanguage":"fr-FR","@id":"https:\/\/argoatessences.fr\/index.php\/aromatherapie-energetique-equilibre-emotionnel\/#primaryimage","url":"https:\/\/argoatessences.fr\/wp-content\/uploads\/2026\/04\/Harmonie-des-Sens-LEveil-de-lAromatherapie-Energetique.png","contentUrl":"https:\/\/argoatessences.fr\/wp-content\/uploads\/2026\/04\/Harmonie-des-Sens-LEveil-de-lAromatherapie-Energetique.png","width":1408,"height":768,"caption":"L'union sacr\u00e9e entre l'\u00e2me des plantes et l'\u00e9quilibre des centres \u00e9nerg\u00e9tiques pour une harmonie profonde du corps et de l'esprit."},{"@type":"BreadcrumbList","@id":"https:\/\/argoatessences.fr\/index.php\/aromatherapie-energetique-equilibre-emotionnel\/#breadcrumb","itemListElement":[{"@type":"ListItem","position":1,"name":"Accueil","item":"https:\/\/argoatessences.fr\/"},{"@type":"ListItem","position":2,"name":"\u2728 Aromath\u00e9rapie \u00e9nerg\u00e9tique"}]},{"@type":"WebSite","@id":"https:\/\/argoatessences.fr\/#website","url":"https:\/\/argoatessences.fr\/","name":"Argoat & Esssences","description":"Gardienne des senteurs","publisher":{"@id":"https:\/\/argoatessences.fr\/#\/schema\/person\/a5d18219a09925fedd6312290dc9dc6c"},"potentialAction":[{"@type":"SearchAction","target":{"@type":"EntryPoint","urlTemplate":"https:\/\/argoatessences.fr\/?s={search_term_string}"},"query-input":{"@type":"PropertyValueSpecification","valueRequired":true,"valueName":"search_term_string"}}],"inLanguage":"fr-FR"},{"@type":["Person","Organization"],"@id":"https:\/\/argoatessences.fr\/#\/schema\/person\/a5d18219a09925fedd6312290dc9dc6c","name":"Joelle Vienne","image":{"@type":"ImageObject","inLanguage":"fr-FR","@id":"https:\/\/argoatessences.fr\/#\/schema\/person\/image\/","url":"https:\/\/argoatessences.fr\/wp-content\/uploads\/2026\/01\/cropped-cropped-logo-joelle.png","contentUrl":"https:\/\/argoatessences.fr\/wp-content\/uploads\/2026\/01\/cropped-cropped-logo-joelle.png","width":464,"height":386,"caption":"Joelle Vienne"},"logo":{"@id":"https:\/\/argoatessences.fr\/#\/schema\/person\/image\/"},"description":"Un espace o\u00f9 la nature murmure et o\u00f9 chaque huile essentielle r\u00e9v\u00e8le son \u00e2me. Entre fragrance et vibration, je t\u2019invite \u00e0 cheminer au rythme du v\u00e9g\u00e9tal, \u00e0 la rencontre de l\u2019\u00e9nergie subtile des plantes et de leurs messages int\u00e9rieurs.","sameAs":["http:\/\/argoatessences.fr","https:\/\/www.facebook.com\/Aromatherapie","https:\/\/www.instagram.com\/joelle_vienne\/"]}]}},"_links":{"self":[{"href":"https:\/\/argoatessences.fr\/index.php\/wp-json\/wp\/v2\/pages\/2676","targetHints":{"allow":["GET"]}}],"collection":[{"href":"https:\/\/argoatessences.fr\/index.php\/wp-json\/wp\/v2\/pages"}],"about":[{"href":"https:\/\/argoatessences.fr\/index.php\/wp-json\/wp\/v2\/types\/page"}],"author":[{"embeddable":true,"href":"https:\/\/argoatessences.fr\/index.php\/wp-json\/wp\/v2\/users\/1"}],"replies":[{"embeddable":true,"href":"https:\/\/argoatessences.fr\/index.php\/wp-json\/wp\/v2\/comments?post=2676"}],"version-history":[{"count":11,"href":"https:\/\/argoatessences.fr\/index.php\/wp-json\/wp\/v2\/pages\/2676\/revisions"}],"predecessor-version":[{"id":2697,"href":"https:\/\/argoatessences.fr\/index.php\/wp-json\/wp\/v2\/pages\/2676\/revisions\/2697"}],"wp:featuredmedia":[{"embeddable":true,"href":"https:\/\/argoatessences.fr\/index.php\/wp-json\/wp\/v2\/media\/2686"}],"wp:attachment":[{"href":"https:\/\/argoatessences.fr\/index.php\/wp-json\/wp\/v2\/media?parent=2676"}],"curies":[{"name":"wp","href":"https:\/\/api.w.org\/{rel}","templated":true}]}}